5 (base 12) to base 2
101
49 (base 12) to base 14
41
1 (base 5) to base 6
1
Convert -10 (base 9) to base 2.
-1001
11c (base 13) to base 16
c2
Convert -42 (base 15) to base 10.
-62
Convert 0 (base 5) to base 6.
0
What is -2 (base 10) in base 12?
-2
-4 (base 12) to base 14
-4
-1 (base 8) to base 7
-1
Convert -62 (base 9) to base 8.
-70
-1 (base 4) to base 9
-1
What is 1110100 (base 2) in base 12?
98
Convert -56 (base 7) to base 6.
-105
31 (base 5) to base 3
121
What is 16 (base 8) in base 13?
11
-3 (base 7) to base 3
-10
What is -3 (base 11) in base 13?
-3
What is -1 (base 8) in base 4?
-1
-5a (base 12) to base 13
-55
Convert 0 (base 3) to base 14.
0
Convert 4 (base 15) to base 9.
4
464 (base 8) to base 12
218
1 (base 2) to base 5
1
Convert 500 (base 6) to base 3.
20200
Convert 1b (base 16) to base 12.
23
Convert 2a (base 12) to base 14.
26
What is 4 (base 11) in base 15?
4
What is -24 (base 10) in base 3?
-220
What is 13 (base 4) in base 9?
7
What is 16a (base 11) in base 15?
d2
-6a (base 14) to base 13
-73
-6b (base 14) to base 12
-7b
What is 26 (base 12) in base 2?
11110
What is 137 (base 11) in base 5?
1121
Convert -12d (base 15) to base 4.
-10030
What is 5 (base 13) in base 9?
5
What is 100 (base 3) in base 14?
9
What is -32 (base 11) in base 7?
-50
What is 13 (base 6) in base 11?
9
What is -6 (base 13) in base 4?
-12
What is -17 (base 14) in base 4?
-111
Convert -453 (base 6) to base 14.
-c9
-160 (base 9) to base 7
-252
What is -7 (base 11) in base 7?
-10
What is -16 (base 16) in base 12?
-1a
0 (base 3) to base 2
0
1120 (base 4) to base 13
6a
Convert -7 (base 8) to base 6.
-11
-13 (base 6) to base 9
-10
-33 (base 8) to base 10
-27
-600 (base 7) to base 9
-356
Convert -210 (base 9) to base 16.
-ab
Convert 70 (base 11) to base 6.
205
-2 (base 7) to base 6
-2
Convert -10 (base 4) to base 13.
-4
0 (base 5) to base 12
0
Convert 5 (base 6) to base 9.
5
What is 13 (base 5) in base 4?
20
What is 140 (base 7) in base 12?
65
Convert -7 (base 16) to base 4.
-13
-5 (base 10) to base 13
-5
0 (base 14) to base 8
0
Convert 2 (base 16) to base 13.
2
What is -20 (base 12) in base 10?
-24
What is 1 (base 14) in base 12?
1
What is -2 (base 10) in base 11?
-2
14 (base 13) to base 7
23
Convert -6 (base 10) to base 12.
-6
Convert -33 (base 7) to base 5.
-44
What is -61 (base 8) in base 3?
-1211
425 (base 6) to base 13
c5
What is -5 (base 9) in base 5?
-10
Convert 96 (base 11) to base 9.
126
What is -1 (base 5) in base 4?
-1
-3 (base 7) to base 5
-3
Convert -1011 (base 4) to base 11.
-63
Convert 302 (base 4) to base 11.
46
Convert -63 (base 13) to base 7.
-144
Convert -20 (base 8) to base 15.
-11
10 (base 4) to base 15
4
What is -16 (base 8) in base 6?
-22
What is -84 (base 13) in base 10?
-108
What is 11 (base 3) in base 12?
4
Convert -30 (base 11) to base 8.
-41
Convert -43 (base 9) to base 6.
-103
-3 (base 15) to base 10
-3
-325 (base 6) to base 7
-236
-13 (base 5) to base 10
-8
0 (base 8) to base 12
0
What is -4 (base 15) in base 8?
-4
8d (base 16) to base 7
261
-1 (base 5) to base 6
-1
1 (base 3) to base 4
1
What is -32 (base 8) in base 6?
-42
What is -153 (base 9) in base 8?
-201
-3 (base 10) to base 9
-3
What is 1 (base 4) in base 6?
1
Convert 1 (base 5) to base 10.
1
What is -9 (base 15) in base 16?
-9
Convert 0 (base 16) to base 2.
0
-1234 (base 5) to base 14
-dc
What is 6 (base 8) in base 13?
6
Convert 252 (base 7) to base 14.
99
Convert 2 (base 16) to base 7.
2
4 (base 5) to base 13
4
-3 (base 6) to base 10
-3
What is a1 (base 16) in base 4?
2201
Convert -74 (base 16) to base 6.
-312
What is -57 (base 16) in base 11?
-7a
Convert -21 (base 3) to base 4.
-13
What is -2 (base 14) in base 13?
-2
-1 (base 7) to base 2
-1
Convert 161 (base 13) to base 7.
503
Convert -29 (base 11) to base 5.
-111
What is 21 (base 10) in base 8?
25
Convert 3 (base 16) to base 2.
11
What is -29 (base 16) in base 11?
-38
6 (base 12) to base 7
6
13 (base 16) to base 13
16
What is 1011 (base 2) in base 16?
b
Convert 20 (base 11) to base 2.
10110
86 (base 10) to base 3
10012
2 (base 7) to base 4
2
Convert 48 (base 10) to base 6.
120
What is 1011010 (base 2) in base 6?
230
What is -14 (base 10) in base 12?
-12
Convert -60 (base 9) to base 4.
-312
1a (base 16) to base 5
101
Convert -1000 (base 2) to base 11.
-8
What is 14 (base 5) in base 7?
12
What is -11 (base 8) in base 14?
-9
-5 (base 13) to base 6
-5
What is 0 (base 16) in base 13?
0
-29 (base 12) to base 13
-27
-100 (base 4) to base 14
-12
What is -11 (base 6) in base 12?
-7
Convert 0 (base 15) to base 6.
0
Convert -42 (base 5) to base 12.
-1a
What is 1311 (base 4) in base 3?
11100
Convert 34 (base 6) to base 2.
10110
1 (base 12) to base 10
1
Convert -224 (base 5) to base 2.
-1000000
8 (base 11) to base 15
8
What is -14 (base 6) in base 7?
-13
Convert -103 (base 7) to base 15.
-37
-16 (base 13) to base 10
-19
Convert -10 (base 2) to base 10.
-2
Convert -1202 (base 3) to base 9.
-52
What is -4 (base 15) in base 6?
-4
Convert -415 (base 8) to base 14.
-153
Convert -3 (base 9) to base 6.
-3
Convert -10010000 (base 2) to base 13.
-b1
Convert -3 (base 12) to base 3.
-10
Convert -11 (base 3) to base 8.
-4
What is -3d (base 14) in base 12?
-47
What is -1123 (base 4) in base 8?
-133
What is 14 (base 11) in base 8?
17
Convert 0 (base 6) to base 7.
0
-2 (base 15) to base 2
-10
35 (base 13) to base 10
44
What is -a (base 15) in base 7?
-13
Convert 1 (base 4) to base 12.
1
What is -43 (base 8) in base 13?
-29
What is 0 (base 5) in base 7?
0
What is 6 (base 10) in base 8?
6
Convert -4 (base 14) to base 5.
-4
2 (base 9) to base 16
2
Convert -7 (base 8) to base 15.
-7
141 (base 14) to base 5
2003
What is 0 (base 14) in base 12?
0
12 (base 4) to base 16
6
What is 20 (base 11) in base 15?
17
What is 28 (base 9) in base 4?
122
What is 3 (base 7) in base 15?
3
30 (base 16) to base 5
143
4 (base 16) to base 8
4
Convert 2 (base 3) to base 2.
10
What is -96 (base 15) in base 9?
-166
-6 (base 10) to base 13
-6
Convert 74 (base 10) to base 6.
202
Convert 16 (base 14) to base 12.
18
-29 (base 13) to base 11
-32
Convert 22 (base 11) to base 16.
18
-3 (base 5) to base 2
-11
What is -205 (base 9) in base 10?
-167
Convert -40 (base 14) to base 13.
-44
What is 23 (base 10) in base 3?
212
-204 (base 6) to base 16
-4c
2 (base 6) to base 12
2
-3 (base 16) to base 12
-3
What is 3 (base 8) in base 9?
3
12 (base 8) to base 3
101
Convert 251 (base 7) to base 13.
a4
What is -33 (base 6) in base 16?
-15
b5 (base 12) to base 9
162
35 (base 8) to base 3
1002
-25 (base 11) to base 15
-1c
What is -1221 (base 4) in base 8?
-151
What is -fe (base 16) in base 12?
-192
3 (base 12) to base 9
3
Convert 3 (base 11) to base 8.
3
What is -6b (base 12) in base 15?
-58
-122 (base 3) to base 7
-23
-10 (base 3) to base 15
-3
Convert 10 (base 5) to base 4.
11
What is -9 (base 11) in base 15?
-9
-2 (base 16) to base 6
-2
What is 101 (base 2) in base 3?
12
What is -141 (base 5) in base 9?
-51
What is -83 (base 9) in base 13?
-5a
Convert 0 (base 14) to base 5.
0
40 (base 8) to base 4
200
What is 3 (base 11) in base 13?
3
542 (base 7) to base 11
230
-1b (base 12) to base 10
-23
What is 1 (base 8) in base 12?
1
What is 6 (base 14) in base 7?
6
-5 (base 11) to base 16
-5
Convert -12 (base 9) to base 6.
-15
-12 (base 4) to base 11
-6
-2 (base 5) to base 8
-2
-5 (base 14) to base 10
-5
What is -7 (base 8) in base 16?
-7
6 (base 15) to base 10
6
What is 8 (base 14) in base 15?
8
Convert -a (base 12) to base 16.
-a
What is 10 (base 3) in base 14?
3
51 (base 9) to base 7
64
What is -12 (base 3) in base 15?
-5
-242 (base 6) to base 11
-8a
What is 10011 (base 2) in base 12?
17
What is 61 (base 9) in base 14?
3d
What is 16 (base 7) in base 16?
d
What is 102 (base 4) in base 10?
18
Convert -7 (base 14) to base 15.
-7
233 (base 6) to base 7
162
Convert -320 (base 6) to base 5.
-440
24 (base 8) to base 10
20
Convert 4 (base 11) to base 12.
4
-41 (base 12) to base 11
-45
-131 (base 5) to base 14
-2d
111 (base 5) to base 6
51
What is e (base 16) in base 6?
22
What is 42 (base 6) in base 2?
11010
Convert -1130 (base 5) to base 14.
-bb
-1d (base 16) to base 9
-32
What is -1000 (base 2) in base 4?
-20
-61 (base 7) to base 12
-37
Convert -22 (base 8) to base 4.
-102
Convert 1010 (base 3) to base 16.
